of 9708?
7
What is the units digit of 1210?
0
What is the units digit of 826?
6
What is the tens digit of 8129?
2
What is the thousands digit of 7448?
7
What is the hundreds digit of 111750?
7
What is the units digit of 157?
7
What is the thousands digit of 33947?
3
What is the thousands digit of 2807?
2
What is the tens digit of 171?
7
What is the thousands digit of 5863?
5
What is the tens digit of 4839?
3
What is the units digit of 1209?
9
What is the ten thousands digit of 51167?
5
What is the thousands digit of 31875?
1
What is the hundreds digit of 7534?
5
What is the tens digit of 578?
7
What is the thousands digit of 21536?
1
What is the units digit of 43311?
1
What is the units digit of 162340?
0
What is the thousands digit of 2776?
2
What is the hundreds digit of 651?
6
What is the hundreds digit of 1825?
8
What is the thousands digit of 6054?
6
What is the thousands digit of 3821?
3
What is the units digit of 6553?
3
What is the units digit of 13308?
8
What is the units digit of 41809?
9
What is the tens digit of 397?
9
What is the tens digit of 25806?
0
What is the thousands digit of 1998?
1
What is the tens digit of 18171?
7
What is the hundreds digit of 23582?
5
What is the tens digit of 678?
7
What is the hundreds digit of 1359?
3
What is the units digit of 22239?
9
What is the units digit of 102561?
1
What is the tens digit of 1929?
2
What is the thousands digit of 1962?
1
What is the thousands digit of 1543?
1
What is the hundreds digit of 11324?
3
What is the hundreds digit of 94100?
1
What is the units digit of 326?
6
What is the tens digit of 18729?
2
What is the units digit of 4293?
3
What is the tens digit of 29576?
7
What is the thousands digit of 7249?
7
What is the units digit of 2713?
3
What is the ten thousands digit of 18103?
1
What is the hundreds digit of 18919?
9
What is the units digit of 5103?
3
What is the units digit of 21188?
8
What is the hundreds digit of 21314?
3
What is the tens digit of 1508?
0
What is the tens digit of 2684?
8
What is the tens digit of 15569?
6
What is the thousands digit of 10191?
0
What is the tens digit of 1312?
1
What is the hundreds digit of 1123?
1
What is the hundreds digit of 66384?
3
What is the tens digit of 1223?
2
What is the thousands digit of 26988?
6
What is the hundreds digit of 4811?
8
What is the tens digit of 238?
3
What is the ten thousands digit of 11228?
1
What is the hundreds digit of 2946?
9
What is the units digit of 7076?
6
What is the thousands digit of 2221?
2
What is the units digit of 39143?
3
What is the hundreds digit of 47671?
6
What is the units digit of 660?
0
What is the ten thousands digit of 32938?
3
What is the tens digit of 204?
0
What is the ten thousands digit of 26313?
2
What is the thousands digit of 1030?
1
What is the thousands digit of 1285?
1
What is the thousands digit of 29825?
9
What is the thousands digit of 3847?
3
What is the units digit of 85104?
4
What is the tens digit of 3350?
5
What is the tens digit of 12600?
0
What is the thousands digit of 55065?
5
What is the thousands digit of 40892?
0
What is the tens digit of 5135?
3
What is the hundreds digit of 39596?
5
What is the tens digit of 17446?
4
What is the units digit of 13135?
5
What is the units digit of 105036?
6
What is the tens digit of 3668?
6
What is the units digit of 22659?
9
What is the units digit of 493?
3
What is the hundreds digit of 589?
5
What is the thousands digit of 1209?
1
What is the tens digit of 725?
2
What is the ten thousands digit of 151242?
5
What is the hundreds digit of 2335?
3
What is the units digit of 91?
1
What is the units digit of 7226?
6
What is the thousands digit of 42896?
2
What is the hundreds digit of 5048?
0
What is the tens digit of 42984?
8
What is the tens digit of 5599?
9
What is the tens digit of 2393?
9
What is the hundreds digit of 76946?
9
What is the units digit of 17256?
6
What is the units digit of 13848?
8
What is the units digit of 38070?
0
What is the hundreds digit of 1272?
2
What is the tens digit of 2434?
3
What is the thousands digit of 2613?
2
What is the tens digit of 9233?
3
What is the units digit of 85943?
3
What is the thousands digit of 4729?
4
What is the ten thousands digit of 37674?
3
What is the units digit of 50349?
9
What is the tens digit of 65927?
2
What is the units digit of 20292?
2
What is the tens digit of 10314?
1
What is the thousands digit of 5118?
5
What is the units digit of 12990?
0
What is the tens digit of 1600?
0
What is the tens digit of 514?
1
What is the hundreds digit of 13834?
8
What is the units digit of 356?
6
What is the ten thousands digit of 20727?
2
What is the hundreds digit of 2193?
1
What is the units digit of 44190?
0
What is the thousands digit of 61113?
1
What is the tens digit of 1124?
2
What is the tens digit of 6724?
2
What is the hundreds digit of 9066?
0
What is the thousands digit of 36295?
6
What is the tens digit of 139?
3
What is the hundreds digit of 6821?
8
What is the tens digit of 6773?
7
What is the hundreds digit of 65034?
0
What is the units digit of 1243?
3
What is the ten thousands digit of 10850?
1
What is the tens digit of 1683?
8
What is the tens digit of 685?
8
What is the ten thousands digit of 16129?
1
What is the tens digit of 19492?
9
What is the hundreds digit of 47102?
1
What is the units digit of 383?
3
What is the tens digit of 54951?
5
What is the tens digit of 32099?
9
What is the ten thousands digit of 101012?
0
What is the tens digit of 44?
4
What is the tens digit of 10210?
1
What is the tens digit of 1832?
3
What is the ten thousands digit of 15408?
1
What is the hundreds digit of 72994?
9
What is the thousands digit of 1587?
1
What is the hundreds digit of 7823?
8
What is the units digit of 50703?
3
What is the thousands digit of 9445?
9
What is the ten thousands digit of 17925?
1
What is the units digit of 649?
9
What is the ten thousands digit of 14577?
1
What is the units digit of 1598?
8
What is the units digit of 406?
6
What is the hundreds digit of 57572?
5
What is the tens digit of 19824?
2
What is the units digit of 1051?
1
What is the tens digit of 12174?
7
What is the units digit of 7296?
6
What is the units digit of 571?
1
What is the tens digit of 3126?
2
What is the thousands digit of 3162?
3
What is the thousands digit of 30582?
0
What is the hundreds digit of 79881?
8
What is the hundreds digit of 25519?
5
What is the hundreds digit of 11427?
4
What is the units digit of 5716?
6
What is the ten thousands digit of 58668?
5
What is the thousands digit of 3071?
3
What is the thousands digit of 1058?
1
What is the ten thousands digit of 30129?
3
What is the units digit of 4755?
5
What is the hundreds digit of 1323?
3
What is the hundreds digit of 2375?
3
What is the hundreds digit of 3181?
1
What is the thousands digit of 17477?
7
What is the hundreds digit of 1121?
1
What is the thousands digit of 70744?
0
What is the units digit of 40465?
5
What is the hundreds digit of 117621?
6
What is the tens digit of 2304?
0
What is the tens digit of 499?
9
What is the tens digit of 80238?
3
What is the hundreds digit of 256?
2
What is the units digit of 65957?
7
What is the units digit of 789?
9
What is the tens digit of 444?
4
What is the units digit of 72664?
4
What is the units digit of 1593?
3
What is the thousands digit of 79549?
9
What is the tens digit of 17887?
8
What is the hundreds digit of 880?
8
What is the hundreds digit of 4955?
9
What is the units digit of 28999?
9
What is the tens digit of 31?
3
What is the hundreds digit of 13049?
0
What is the hundreds digit of 2519?
5
What is the ten thousands digit of 32120?
3
What is the thousands digit of 16174?
6
What is the thousands digit of 2505?
2
What is the hundreds digit of 7858?
8
What is the ten thousands digit of 86881?
8
What is the tens digit of 7965?
6
What is the tens digit of 2184?
8
What is the units digit of 957?
7
What is the tens digit of 1107?
0
What is the hundreds digit of 14411?
4
What is the units digit of 3986?
6
What is the units digit of 34092?
2
What is the thousands digit of 5438?
5
What is the ten thousands digit of 21305?
2
What is the hundreds digit of 6061?
0
What is the thousands digit of 4130?
4
What is the hundred thousands digit of 12375